{"id":5797,"date":"2026-05-13T16:57:14","date_gmt":"2026-05-13T19:57:14","guid":{"rendered":"https:\/\/www.cresm-go.org.br\/portal-da-transparencia\/?page_id=5797"},"modified":"2026-05-15T14:14:39","modified_gmt":"2026-05-15T17:14:39","slug":"processo-seletivo-edital-n-o-15-2026-medico-neurologista-pj","status":"publish","type":"page","link":"https:\/\/www.cresm-go.org.br\/portal-da-transparencia\/processo-seletivo-edital-n-o-15-2026-medico-neurologista-pj\/","title":{"rendered":"PROCESSO SELETIVO EDITAL N.\u00ba 15.2026 M\u00c9DICO NEUROLOGISTA PJ"},"content":{"rendered":"<p>PROCESSO SELETIVO EDITAL N.\u00ba 15.2026 M\u00c9DICO NEUROLOGISTA PJ<\/p>\n<p>CARGOS:<\/p>\n<ul>\n<li>M\u00c9DICO NEUROLOGISTA PJ<\/li>\n<\/ul>\n<p><a href=\"https:\/\/www.cresm-go.org.br\/portal-da-transparencia\/wp-content\/uploads\/2026\/05\/EDITAL-15.2026-MEDICO-NEUROLOGISTA-PJ-1.pdf\">EDITAL 15.2026 M\u00c9DICO NEUROLOGISTA PJ<\/a><\/p>\n<p><a href=\"https:\/\/www.cresm-go.org.br\/portal-da-transparencia\/wp-content\/uploads\/2026\/05\/RQ-675-CRONOGRAMA.pdf\">RQ 675 CRONOGRAMA<\/a><\/p>\n<p>RQ-693 TRIAGEM CURRICULAR<\/p>\n<p>RQ- 682 SELECIONADOS PARA PROVA E ENTREVISTA<\/p>\n<p>RQ 679 RESULTADO PRELIMINAR<\/p>\n<p>RQ 678 FORMUL\u00c1RIO PARA RECURSO<\/p>\n<p>RQ 680 RESULTADO FINAL<\/p>\n<p>RQ 683 VALIDADE DO PROCESSO SELETIVO<\/p>\n<p>RQ-674 CONVOCA\u00c7\u00c3O<\/p>\n","protected":false},"excerpt":{"rendered":"<p>PROCESSO SELETIVO EDITAL N.\u00ba 15.2026 M\u00c9DICO NEUROLOGISTA PJ CARGOS: M\u00c9DICO NEUROLOGISTA PJ EDITAL 15.2026 M\u00c9DICO NEUROLOGISTA PJ RQ 675 CRONOGRAMA RQ-693 TRIAGEM CURRICULAR RQ- 682 SELECIONADOS PARA PROVA E ENTREVISTA RQ 679 RESULTADO PRELIMINAR RQ 678 FORMUL\u00c1RIO PARA RECURSO RQ 680 RESULTADO FINAL RQ 683 VALIDADE DO PROCESSO SELETIVO RQ-674 CONVOCA\u00c7\u00c3O<\/p>\n","protected":false},"author":15,"featured_media":0,"parent":0,"menu_order":0,"comment_status":"closed","ping_status":"closed","template":"","meta":{"_acf_changed":false,"footnotes":""},"class_list":["post-5797","page","type-page","status-publish","hentry"],"acf":[],"_links":{"self":[{"href":"https:\/\/www.cresm-go.org.br\/portal-da-transparencia\/wp-json\/wp\/v2\/pages\/5797","targetHints":{"allow":["GET"]}}],"collection":[{"href":"https:\/\/www.cresm-go.org.br\/portal-da-transparencia\/wp-json\/wp\/v2\/pages"}],"about":[{"href":"https:\/\/www.cresm-go.org.br\/portal-da-transparencia\/wp-json\/wp\/v2\/types\/page"}],"author":[{"embeddable":true,"href":"https:\/\/www.cresm-go.org.br\/portal-da-transparencia\/wp-json\/wp\/v2\/users\/15"}],"replies":[{"embeddable":true,"href":"https:\/\/www.cresm-go.org.br\/portal-da-transparencia\/wp-json\/wp\/v2\/comments?post=5797"}],"version-history":[{"count":2,"href":"https:\/\/www.cresm-go.org.br\/portal-da-transparencia\/wp-json\/wp\/v2\/pages\/5797\/revisions"}],"predecessor-version":[{"id":5808,"href":"https:\/\/www.cresm-go.org.br\/portal-da-transparencia\/wp-json\/wp\/v2\/pages\/5797\/revisions\/5808"}],"wp:attachment":[{"href":"https:\/\/www.cresm-go.org.br\/portal-da-transparencia\/wp-json\/wp\/v2\/media?parent=5797"}],"curies":[{"name":"wp","href":"https:\/\/api.w.org\/{rel}","templated":true}]}}