{"id":4807,"date":"2025-12-10T16:40:40","date_gmt":"2025-12-10T19:40:40","guid":{"rendered":"https:\/\/www.cresm-go.org.br\/portal-da-transparencia\/?page_id=4807"},"modified":"2026-04-01T14:29:38","modified_gmt":"2026-04-01T17:29:38","slug":"processo-seletivo-edital-n-o-38-2025-medico-psiquiatra-da-infancia-e-adolescencia-pj","status":"publish","type":"page","link":"https:\/\/www.cresm-go.org.br\/portal-da-transparencia\/processo-seletivo-edital-n-o-38-2025-medico-psiquiatra-da-infancia-e-adolescencia-pj\/","title":{"rendered":"PROCESSO SELETIVO EDITAL N.\u00ba 39.2025 M\u00c9DICO PSIQUIATRA DA INF\u00c2NCIA E ADOLESC\u00caNCIA PJ"},"content":{"rendered":"<p>PROCESSO SELETIVO EDITAL N.\u00ba 37.2025 M\u00c9DICO PSIQUIATRA DA INF\u00c2NCIA E ADOLESC\u00caNCIA PJ<\/p>\n<p>CARGOS:<\/p>\n<ul>\n<li>M\u00c9DICO PSIQUIATRA DA INF\u00c2NCIA E ADOLESC\u00caNCIA PJ<\/li>\n<\/ul>\n<p><a href=\"https:\/\/www.cresm-go.org.br\/portal-da-transparencia\/wp-content\/uploads\/2026\/01\/EDITAL-39.2025-MEDICO-PSIQUIATRA-DA-INFANCIA-E-ADOLESCENCIA-3.pdf\">EDITAL 39.2025 M\u00c9DICO PSIQUIATRA DA INF\u00c2NCIA E ADOLESC\u00caNCIA <\/a><\/p>\n<p><a href=\"https:\/\/www.cresm-go.org.br\/portal-da-transparencia\/wp-content\/uploads\/2026\/01\/RQ-675-CRONOGRAMA.retificadoO.pdf\">RQ-675 CRONOGRAMA <span style=\"color: #ff0000;\">RETIFICADO<\/span><\/a><\/p>\n<p><a href=\"https:\/\/www.cresm-go.org.br\/portal-da-transparencia\/wp-content\/uploads\/2026\/01\/RQ-693-TRIAGEM-CURRICULAR-8.pdf\">RQ-693 TRIAGEM CURRICULAR<\/a><\/p>\n<p><a href=\"https:\/\/www.cresm-go.org.br\/portal-da-transparencia\/wp-content\/uploads\/2026\/01\/RQ-682-SELECIONADOS-PARA-PROVA-E-ENTREVISTA-1.pdf\">RQ- 682 SELECIONADOS PARA PROVA E ENTREVISTA<\/a><\/p>\n<p><a href=\"https:\/\/www.cresm-go.org.br\/portal-da-transparencia\/wp-content\/uploads\/2026\/01\/RQ-679-Resultado-Preliminar_Versao-01-infancia-postar.pdf\">RQ 679 RESULTADO PRELIMINAR<\/a><\/p>\n<p><a href=\"https:\/\/www.cresm-go.org.br\/portal-da-transparencia\/wp-content\/uploads\/2026\/01\/RQ-678-Recurso_Versao-01.pdf\">RQ 678 FORMUL\u00c1RIO PARA RECURSO<\/a><\/p>\n<p><a href=\"https:\/\/www.cresm-go.org.br\/portal-da-transparencia\/wp-content\/uploads\/2026\/01\/RQ-680-Resultado-Final_Versao-01.pdf\">RQ 680 RESULTADO FINAL<\/a><\/p>\n<p><a href=\"https:\/\/www.cresm-go.org.br\/portal-da-transparencia\/wp-content\/uploads\/2026\/01\/RQ-683-Validade-do-Processo-Seletivo_Versao-01.pdf\">RQ 683 VALIDADE DO PROCESSO SELETIVO<\/a><\/p>\n<p><a href=\"https:\/\/www.cresm-go.org.br\/portal-da-transparencia\/wp-content\/uploads\/2026\/02\/RQ-674-CONVOCACAO-2.pdf\">RQ-674 CONVOCA\u00c7\u00c3O<\/a><\/p>\n<p><a href=\"https:\/\/www.cresm-go.org.br\/portal-da-transparencia\/wp-content\/uploads\/2026\/04\/8.-RQ-674-Convocacao_-333333333.pdf\">RQ 674 CONVOCA\u00c7\u00c3O<\/a><\/p>\n","protected":false},"excerpt":{"rendered":"<p>PROCESSO SELETIVO EDITAL N.\u00ba 37.2025 M\u00c9DICO PSIQUIATRA DA INF\u00c2NCIA E ADOLESC\u00caNCIA PJ CARGOS: M\u00c9DICO PSIQUIATRA DA INF\u00c2NCIA E ADOLESC\u00caNCIA PJ EDITAL 39.2025 M\u00c9DICO PSIQUIATRA DA INF\u00c2NCIA E ADOLESC\u00caNCIA RQ-675 CRONOGRAMA RETIFICADO RQ-693 TRIAGEM CURRICULAR RQ- 682 SELECIONADOS PARA PROVA E ENTREVISTA RQ 679 RESULTADO PRELIMINAR RQ 678 FORMUL\u00c1RIO PARA RECURSO RQ 680 RESULTADO FINAL RQ [&hellip;]<\/p>\n","protected":false},"author":14,"featured_media":0,"parent":0,"menu_order":0,"comment_status":"closed","ping_status":"closed","template":"","meta":{"_acf_changed":false,"footnotes":""},"class_list":["post-4807","page","type-page","status-publish","hentry"],"acf":[],"_links":{"self":[{"href":"https:\/\/www.cresm-go.org.br\/portal-da-transparencia\/wp-json\/wp\/v2\/pages\/4807","targetHints":{"allow":["GET"]}}],"collection":[{"href":"https:\/\/www.cresm-go.org.br\/portal-da-transparencia\/wp-json\/wp\/v2\/pages"}],"about":[{"href":"https:\/\/www.cresm-go.org.br\/portal-da-transparencia\/wp-json\/wp\/v2\/types\/page"}],"author":[{"embeddable":true,"href":"https:\/\/www.cresm-go.org.br\/portal-da-transparencia\/wp-json\/wp\/v2\/users\/14"}],"replies":[{"embeddable":true,"href":"https:\/\/www.cresm-go.org.br\/portal-da-transparencia\/wp-json\/wp\/v2\/comments?post=4807"}],"version-history":[{"count":24,"href":"https:\/\/www.cresm-go.org.br\/portal-da-transparencia\/wp-json\/wp\/v2\/pages\/4807\/revisions"}],"predecessor-version":[{"id":5655,"href":"https:\/\/www.cresm-go.org.br\/portal-da-transparencia\/wp-json\/wp\/v2\/pages\/4807\/revisions\/5655"}],"wp:attachment":[{"href":"https:\/\/www.cresm-go.org.br\/portal-da-transparencia\/wp-json\/wp\/v2\/media?parent=4807"}],"curies":[{"name":"wp","href":"https:\/\/api.w.org\/{rel}","templated":true}]}}