{"id":4043,"date":"2025-07-02T13:49:46","date_gmt":"2025-07-02T16:49:46","guid":{"rendered":"https:\/\/www.cresm-go.org.br\/portal-da-transparencia\/?page_id=4043"},"modified":"2025-10-16T13:56:04","modified_gmt":"2025-10-16T16:56:04","slug":"processo-seletivo-pj-edital-n-o-20-2025","status":"publish","type":"page","link":"https:\/\/www.cresm-go.org.br\/portal-da-transparencia\/processo-seletivo-pj-edital-n-o-20-2025\/","title":{"rendered":"PROCESSO SELETIVO EDITAL N\u00ba 20.2025 RECEPCIONISTA I"},"content":{"rendered":"<p>PROCESSO SELETIVO\u00a0 EDITAL N.\u00ba 20.2025<\/p>\n<p>STATUS: VALIDADE 6 MESES<\/p>\n<p>CARGOS:<\/p>\n<ul>\n<li><strong>RECEPCIONISTA I<\/strong><\/li>\n<\/ul>\n<p><a href=\"https:\/\/www.cresm-go.org.br\/portal-da-transparencia\/wp-content\/uploads\/2025\/10\/EDITAL-20.2025-RECPCIONISTA.pdf2_.pdf\">EDITAL 20.2025 RECPCIONISTA<\/a><\/p>\n<p><a href=\"https:\/\/www.cresm-go.org.br\/portal-da-transparencia\/wp-content\/uploads\/2025\/07\/RQ-675-CRONOGRAMA-3.pdf\">RQ- 675 CRONOGRAMA<\/a><\/p>\n<p><a href=\"https:\/\/www.cresm-go.org.br\/portal-da-transparencia\/wp-content\/uploads\/2025\/07\/RQ-693-TRIAGEM-CURRICULAR.pdf\">RQ-693 TRIAGEM CURRICULAR<\/a><\/p>\n<p><a href=\"https:\/\/www.cresm-go.org.br\/portal-da-transparencia\/wp-content\/uploads\/2025\/07\/RQ-693-TRIAGEM-CURRICULAR-RETIFICADO-2.pdf\">RQ-693 TRIAGEM CURRICULAR &#8211; <span style=\"color: #ff0000;\">RETIFICADO <\/span><\/a><\/p>\n<p><a href=\"https:\/\/www.cresm-go.org.br\/portal-da-transparencia\/wp-content\/uploads\/2025\/07\/RQ-682-SELECIONADOS-PARA-PROVA-E-ENTREVISTA.pdf\">RQ-682 SELECIONADOS PARA PROVA E ENTREVISTA<\/a><\/p>\n<p><a href=\"https:\/\/www.cresm-go.org.br\/portal-da-transparencia\/wp-content\/uploads\/2025\/07\/RQ-679-RESULTADO-PRELIMINAR.pdf\">RQ-679 RESULTADO PRELIMINAR<\/a><\/p>\n<p><a href=\"https:\/\/www.cresm-go.org.br\/portal-da-transparencia\/wp-content\/uploads\/2025\/07\/RQ-678-FORMULARIO-DE-RECURSO.pdf\">RQ-678 FORMUL\u00c1RIO DE RECURSO<\/a><\/p>\n<p><a href=\"https:\/\/www.cresm-go.org.br\/portal-da-transparencia\/wp-content\/uploads\/2025\/10\/RQ-679-RESULTADO-FINAL-2.pdf\">RQ-679 RESULTADO FINAL <\/a><\/p>\n<p><a href=\"https:\/\/www.cresm-go.org.br\/portal-da-transparencia\/wp-content\/uploads\/2025\/07\/RQ-683-VALIDADE-DE-PROCESSO-SELETIVO.pdf\">RQ-683 VALIDADE DE PROCESSO SELETIVO<\/a><\/p>\n<p><a href=\"https:\/\/www.cresm-go.org.br\/portal-da-transparencia\/wp-content\/uploads\/2025\/07\/RQ-674-CONVOCACAO-1.pdf\">RQ- 674 CONVOCA\u00c7\u00c3O<\/a><\/p>\n<p><a href=\"https:\/\/www.cresm-go.org.br\/portal-da-transparencia\/wp-content\/uploads\/2025\/09\/RQ-674-CONVOCACAO-02.pdf\">RQ-674 CONVOCA\u00c7\u00c3O-02<\/a><\/p>\n<p><a href=\"https:\/\/www.cresm-go.org.br\/portal-da-transparencia\/wp-content\/uploads\/2025\/10\/RQ-674-CONVOCACAO.3-2.pdf\">RQ-674 CONVOCA\u00c7\u00c3O.3<\/a><\/p>\n","protected":false},"excerpt":{"rendered":"<p>PROCESSO SELETIVO\u00a0 EDITAL N.\u00ba 20.2025 STATUS: VALIDADE 6 MESES CARGOS: RECEPCIONISTA I EDITAL 20.2025 RECPCIONISTA RQ- 675 CRONOGRAMA RQ-693 TRIAGEM CURRICULAR RQ-693 TRIAGEM CURRICULAR &#8211; RETIFICADO RQ-682 SELECIONADOS PARA PROVA E ENTREVISTA RQ-679 RESULTADO PRELIMINAR RQ-678 FORMUL\u00c1RIO DE RECURSO RQ-679 RESULTADO FINAL RQ-683 VALIDADE DE PROCESSO SELETIVO RQ- 674 CONVOCA\u00c7\u00c3O RQ-674 CONVOCA\u00c7\u00c3O-02 RQ-674 CONVOCA\u00c7\u00c3O.3<\/p>\n","protected":false},"author":14,"featured_media":0,"parent":0,"menu_order":15,"comment_status":"closed","ping_status":"closed","template":"","meta":{"_acf_changed":false,"footnotes":""},"class_list":["post-4043","page","type-page","status-publish","hentry"],"acf":[],"_links":{"self":[{"href":"https:\/\/www.cresm-go.org.br\/portal-da-transparencia\/wp-json\/wp\/v2\/pages\/4043","targetHints":{"allow":["GET"]}}],"collection":[{"href":"https:\/\/www.cresm-go.org.br\/portal-da-transparencia\/wp-json\/wp\/v2\/pages"}],"about":[{"href":"https:\/\/www.cresm-go.org.br\/portal-da-transparencia\/wp-json\/wp\/v2\/types\/page"}],"author":[{"embeddable":true,"href":"https:\/\/www.cresm-go.org.br\/portal-da-transparencia\/wp-json\/wp\/v2\/users\/14"}],"replies":[{"embeddable":true,"href":"https:\/\/www.cresm-go.org.br\/portal-da-transparencia\/wp-json\/wp\/v2\/comments?post=4043"}],"version-history":[{"count":22,"href":"https:\/\/www.cresm-go.org.br\/portal-da-transparencia\/wp-json\/wp\/v2\/pages\/4043\/revisions"}],"predecessor-version":[{"id":4549,"href":"https:\/\/www.cresm-go.org.br\/portal-da-transparencia\/wp-json\/wp\/v2\/pages\/4043\/revisions\/4549"}],"wp:attachment":[{"href":"https:\/\/www.cresm-go.org.br\/portal-da-transparencia\/wp-json\/wp\/v2\/media?parent=4043"}],"curies":[{"name":"wp","href":"https:\/\/api.w.org\/{rel}","templated":true}]}}