{"id":3954,"date":"2025-06-13T14:36:07","date_gmt":"2025-06-13T17:36:07","guid":{"rendered":"https:\/\/www.cresm-go.org.br\/portal-da-transparencia\/?page_id=3954"},"modified":"2025-10-16T16:58:35","modified_gmt":"2025-10-16T19:58:35","slug":"processo-seletivo-pj-edital-n-o-19-2025","status":"publish","type":"page","link":"https:\/\/www.cresm-go.org.br\/portal-da-transparencia\/processo-seletivo-pj-edital-n-o-19-2025\/","title":{"rendered":"PROCESSO SELETIVO PJ EDITAL N\u00ba 19.2025 PSIC\u00d3LOGO (A)\u00a0HOSPITALAR\u00a0E NEUROPSIC\u00d3LOGO (A)\u00a0"},"content":{"rendered":"<p>PROCESSO SELETIVO PJ EDITAL N.\u00ba 19.2025<\/p>\n<p>STATUS: VALIDADE 6 MESES<\/p>\n<p>CARGOS:<\/p>\n<ul>\n<li><strong>PSIC\u00d3LOGO (A)\u00a0 HOSPITALAR\u00a0\u00a0<\/strong><\/li>\n<li><strong>NEUROPSIC\u00d3LOGO (A)\u00a0<\/strong><\/li>\n<\/ul>\n<p><a href=\"https:\/\/www.cresm-go.org.br\/portal-da-transparencia\/wp-content\/uploads\/2025\/06\/EDITAL-No-19.2025-PSICOLOGOA-HOSPITALAR-1-2.pdf\">EDITAL N\u00ba 19.2025 PSIC\u00d3LOGO(A) HOSPITALAR<\/a><\/p>\n<p><a href=\"https:\/\/www.cresm-go.org.br\/portal-da-transparencia\/wp-content\/uploads\/2025\/06\/EDITAL-19.2025-NEUROPSICOLOGO-PJ-1.pdf\">EDITAL 19.2025 NEUROPSIC\u00d3LOGO PJ<\/a><\/p>\n<p><a href=\"https:\/\/www.cresm-go.org.br\/portal-da-transparencia\/wp-content\/uploads\/2025\/06\/RQ-675-CRONOGRAMA-1.pdf\">RQ-675 CRONOGRAMA<\/a><\/p>\n<p><a href=\"https:\/\/www.cresm-go.org.br\/portal-da-transparencia\/wp-content\/uploads\/2025\/06\/RQ-675-CRONOGRAM-RETIFICADO.pdf\">RQ-675 CRONOGRAM-<span style=\"color: #ff0000;\">RETIFICADO<\/span><\/a><\/p>\n<p><a href=\"https:\/\/www.cresm-go.org.br\/portal-da-transparencia\/wp-content\/uploads\/2025\/06\/RQ-693-TRIAGEM-CURRICULAR-PSICOLOGOA-HOSPITALAR-2.pdf\">RQ-693 TRIAGEM CURRICULAR -PSIC\u00d3LOGO(A) HOSPITALAR<\/a><\/p>\n<p><a href=\"https:\/\/www.cresm-go.org.br\/portal-da-transparencia\/wp-content\/uploads\/2025\/06\/RQ-693-TRIAGEM-CURRICULAR-NEUROPSICOLOGO-PJ-2.pdf\">RQ-693 TRIAGEM CURRICULAR -NEUROPSIC\u00d3LOGO PJ<\/a><\/p>\n<p><a href=\"https:\/\/www.cresm-go.org.br\/portal-da-transparencia\/wp-content\/uploads\/2025\/06\/RQ-682-SELECIONADOS-PARA-PROVA-E-ENTREVISTA-PSICOLOGOA-e-NEUROPSCOLOGOA-PJ.pdf\">RQ- 682<span style=\"color: #ff0000;\"> SELECIONADOS PARA PROVA E ENTREVISTA<\/span>:\u00a0 PSIC\u00d3LOGO(A) e NEUROPSC\u00d3LOGO(A) PJ<\/a><\/p>\n<p><a href=\"https:\/\/www.cresm-go.org.br\/portal-da-transparencia\/wp-content\/uploads\/2025\/06\/RQ-679-RESULTADO-PRELIMINAR-4.pdf\">RQ- 679 RESULTADO PRELIMINAR:<\/a><a href=\"https:\/\/www.cresm-go.org.br\/portal-da-transparencia\/wp-content\/uploads\/2025\/06\/RQ-682-SELECIONADOS-PARA-PROVA-E-ENTREVISTA-PSICOLOGOA-e-NEUROPSCOLOGOA-PJ.pdf\">PSIC\u00d3LOGO(A) e NEUROPSC\u00d3LOGO(A) PJ<\/a><\/p>\n<p><a href=\"https:\/\/www.cresm-go.org.br\/portal-da-transparencia\/wp-content\/uploads\/2025\/06\/RQ-678-FORMULARIO-DE-RECURSO-2.pdf\">RQ-678 FORMUL\u00c1RIO DE RECURSO<\/a><\/p>\n<p><a href=\"https:\/\/www.cresm-go.org.br\/portal-da-transparencia\/wp-content\/uploads\/2025\/07\/RQ-679-RESULTADO-FINAL.pdf\">RQ- 679 RESULTADO FINAL<\/a><\/p>\n<p><a href=\"https:\/\/www.cresm-go.org.br\/portal-da-transparencia\/wp-content\/uploads\/2025\/07\/RQ-683-VALIDADE-DO-PROCESSO-SELETIVO.pdf\">RQ- 683 VALIDADE DO PROCESSO SELETIVO<\/a><\/p>\n<p><a href=\"https:\/\/www.cresm-go.org.br\/portal-da-transparencia\/wp-content\/uploads\/2025\/08\/RQ-674-CONVOCACAO-PSICOLOGO-A-PJ.pdf\">RQ-674 CONVOCA\u00c7\u00c3O &#8211; PSIC\u00d3LOGO (A) PJ<\/a><\/p>\n<p><a href=\"https:\/\/www.cresm-go.org.br\/portal-da-transparencia\/wp-content\/uploads\/2025\/10\/RQ-674-CONVOCACAO-PSICOLOGO-A-2-1.pdf\">RQ-674 CONVOCA\u00c7\u00c3O &#8211; PSIC\u00d3LOGO (A) 2<\/a><\/p>\n","protected":false},"excerpt":{"rendered":"<p>PROCESSO SELETIVO PJ EDITAL N.\u00ba 19.2025 STATUS: VALIDADE 6 MESES CARGOS: PSIC\u00d3LOGO (A)\u00a0 HOSPITALAR\u00a0\u00a0 NEUROPSIC\u00d3LOGO (A)\u00a0 EDITAL N\u00ba 19.2025 PSIC\u00d3LOGO(A) HOSPITALAR EDITAL 19.2025 NEUROPSIC\u00d3LOGO PJ RQ-675 CRONOGRAMA RQ-675 CRONOGRAM-RETIFICADO RQ-693 TRIAGEM CURRICULAR -PSIC\u00d3LOGO(A) HOSPITALAR RQ-693 TRIAGEM CURRICULAR -NEUROPSIC\u00d3LOGO PJ RQ- 682 SELECIONADOS PARA PROVA E ENTREVISTA:\u00a0 PSIC\u00d3LOGO(A) e NEUROPSC\u00d3LOGO(A) PJ RQ- 679 RESULTADO PRELIMINAR:PSIC\u00d3LOGO(A) e [&hellip;]<\/p>\n","protected":false},"author":14,"featured_media":0,"parent":0,"menu_order":16,"comment_status":"closed","ping_status":"closed","template":"","meta":{"_acf_changed":false,"footnotes":""},"class_list":["post-3954","page","type-page","status-publish","hentry"],"acf":[],"_links":{"self":[{"href":"https:\/\/www.cresm-go.org.br\/portal-da-transparencia\/wp-json\/wp\/v2\/pages\/3954","targetHints":{"allow":["GET"]}}],"collection":[{"href":"https:\/\/www.cresm-go.org.br\/portal-da-transparencia\/wp-json\/wp\/v2\/pages"}],"about":[{"href":"https:\/\/www.cresm-go.org.br\/portal-da-transparencia\/wp-json\/wp\/v2\/types\/page"}],"author":[{"embeddable":true,"href":"https:\/\/www.cresm-go.org.br\/portal-da-transparencia\/wp-json\/wp\/v2\/users\/14"}],"replies":[{"embeddable":true,"href":"https:\/\/www.cresm-go.org.br\/portal-da-transparencia\/wp-json\/wp\/v2\/comments?post=3954"}],"version-history":[{"count":22,"href":"https:\/\/www.cresm-go.org.br\/portal-da-transparencia\/wp-json\/wp\/v2\/pages\/3954\/revisions"}],"predecessor-version":[{"id":4552,"href":"https:\/\/www.cresm-go.org.br\/portal-da-transparencia\/wp-json\/wp\/v2\/pages\/3954\/revisions\/4552"}],"wp:attachment":[{"href":"https:\/\/www.cresm-go.org.br\/portal-da-transparencia\/wp-json\/wp\/v2\/media?parent=3954"}],"curies":[{"name":"wp","href":"https:\/\/api.w.org\/{rel}","templated":true}]}}