{"id":3534,"date":"2025-03-27T16:34:07","date_gmt":"2025-03-27T19:34:07","guid":{"rendered":"https:\/\/www.cresm-go.org.br\/portal-da-transparencia\/?page_id=3534"},"modified":"2025-08-05T16:55:13","modified_gmt":"2025-08-05T19:55:13","slug":"processo-seletivo-simplificado-edital-n-o-10-2025","status":"publish","type":"page","link":"https:\/\/www.cresm-go.org.br\/portal-da-transparencia\/processo-seletivo-simplificado-edital-n-o-10-2025\/","title":{"rendered":"PROCESSO SELETIVO SIMPLIFICADO EDITAL N.\u00ba 10.2025  AUXILIAR DE FARM\u00c1CIA I  E  RECEPCIONISTA I"},"content":{"rendered":"<p>PROCESSO SELETIVO SIMPLIFICADO EDITAL N.\u00ba 10.2025<\/p>\n<p>STATUS: VALIDADE 6 MESES<\/p>\n<p>CARGOS:<\/p>\n<ul>\n<li>\u00a0<b>AUXILIAR DE FARM\u00c1CIA I<\/b><\/li>\n<li><b>\u00a0RECEPCIONISTA I<\/b><\/li>\n<\/ul>\n<p><a href=\"https:\/\/www.cresm-go.org.br\/portal-da-transparencia\/wp-content\/uploads\/2025\/03\/EDITAL-10.2025-AUXILIAR-DE-FARMACIA-I.pdf\">EDITAL 10.2025 AUXILIAR DE FARM\u00c1CIA I<\/a><\/p>\n<p><a href=\"https:\/\/www.cresm-go.org.br\/portal-da-transparencia\/wp-content\/uploads\/2025\/03\/EDITAL-10.2025-RECEPCIONISTA-I-1.pdf\">EDITAL 10.2025 RECEPCIONISTA I<\/a><\/p>\n<p><a href=\"https:\/\/www.cresm-go.org.br\/portal-da-transparencia\/wp-content\/uploads\/2025\/03\/RQ-675-CRONOGRAMA-1.pdf\">RQ-675 CRONOGRAMA<\/a><\/p>\n<p><a href=\"https:\/\/www.cresm-go.org.br\/portal-da-transparencia\/wp-content\/uploads\/2025\/04\/RQ-693-TRIAGEM-CURRICULAR-AUXILIAR-DE-FARMACIA.pdf\">RQ- 693 TRIAGEM CURRICULAR-AUXILIAR DE FARM\u00c1CIA<\/a><\/p>\n<p><a href=\"https:\/\/www.cresm-go.org.br\/portal-da-transparencia\/wp-content\/uploads\/2025\/04\/RQ-693-TRIAGEM-CURRICULAR-RECEPCIONISTA.pdf\">RQ-693 TRIAGEM CURRICULAR &#8211; RECEPCIONISTA<\/a><\/p>\n<p><a href=\"https:\/\/www.cresm-go.org.br\/portal-da-transparencia\/wp-content\/uploads\/2025\/04\/RQ-682-SELECIONADOS-PARA-PROVA-E-ENTREVISTA-AUXILIAR-DE-FARMACIA-I.pdf\">RQ-682 SELECIONADOS PARA PROVA E ENTREVISTA &#8211; AUXILIAR DE FARM\u00c1CIA I<\/a><\/p>\n<p><a href=\"https:\/\/www.cresm-go.org.br\/portal-da-transparencia\/wp-content\/uploads\/2025\/04\/RQ-682-SELECIONADOS-PARA-PROVA-E-ENTREVITA-RECEPCIONISTA.pdf\">RQ- 682 SELECIONADOS PARA PROVA E ENTREVITA &#8211; RECEPCIONISTA<\/a><\/p>\n<p><a href=\"https:\/\/www.cresm-go.org.br\/portal-da-transparencia\/wp-content\/uploads\/2025\/04\/RQ-679-Resultado-Preliminar_Versao-01.pdf-Recepcionista.pdf\">RQ 679 Resultado Preliminar_Vers\u00e3o 01.pdf &#8211; Recepcionista<\/a><\/p>\n<p><a href=\"https:\/\/www.cresm-go.org.br\/portal-da-transparencia\/wp-content\/uploads\/2025\/04\/RQ-679-Resultado-Preliminar_Versao-01.pdf-.pdf\">RQ 679 Resultado Preliminar_Vers\u00e3o 01.pdf .<\/a><\/p>\n<p><a href=\"https:\/\/www.cresm-go.org.br\/portal-da-transparencia\/wp-content\/uploads\/2025\/04\/RQ-678-RECURSO.pdf\">RQ- 678 RECURSO- FARM\u00c1CIA<\/a><\/p>\n<p><a href=\"https:\/\/www.cresm-go.org.br\/portal-da-transparencia\/wp-content\/uploads\/2025\/04\/RQ-678-RECURSO-1.pdf\">RQ-678 RECURSO-RECEPCIONISTA<\/a><\/p>\n<p><a href=\"https:\/\/www.cresm-go.org.br\/portal-da-transparencia\/wp-content\/uploads\/2025\/04\/RQ-680-RESULTADO-FINAL.pdf\">RQ-680 RESULTADO FINAL-FARM\u00c1CIA<\/a><\/p>\n<p><a href=\"https:\/\/www.cresm-go.org.br\/portal-da-transparencia\/wp-content\/uploads\/2025\/04\/RQ-680-RESULTADO-FINAL-RECEPCIONISTA.pdf\">RQ-680 RESULTADO FINAL &#8211; RECEPCIONISTA<\/a><\/p>\n<p><a href=\"https:\/\/www.cresm-go.org.br\/portal-da-transparencia\/wp-content\/uploads\/2025\/04\/RQ-683-VALIDADE-DO-PREOCSSO-SELETIVO.pdf\">RQ- 683 VALIDADE DO PREOCSSO SELETIVO<\/a><\/p>\n<p><a href=\"https:\/\/www.cresm-go.org.br\/portal-da-transparencia\/wp-content\/uploads\/2025\/04\/RQ-674-CONVOCACAO-1.pdf\">RQ-674 CONVOCA\u00c7\u00c3O RECEPCIONISTA<\/a><\/p>\n<p><a href=\"https:\/\/www.cresm-go.org.br\/portal-da-transparencia\/wp-content\/uploads\/2025\/08\/RQ-674-CONVOCACAO-AUXILAR-DE-FARMACIA.pdf\">RQ-674 CONVOCA\u00c7\u00c3O- AUXILAR DE FARM\u00c1CIA 1<\/a><\/p>\n<p><a href=\"https:\/\/www.cresm-go.org.br\/portal-da-transparencia\/wp-content\/uploads\/2025\/08\/RQ-674-CONVOCACAO-AUXILAR-DE-FARMACIA-2.pdf\">RQ-674 CONVOCA\u00c7\u00c3O- AUXILAR DE FARM\u00c1CIA 2<\/a><\/p>\n","protected":false},"excerpt":{"rendered":"<p>PROCESSO SELETIVO SIMPLIFICADO EDITAL N.\u00ba 10.2025 STATUS: VALIDADE 6 MESES CARGOS: \u00a0AUXILIAR DE FARM\u00c1CIA I \u00a0RECEPCIONISTA I EDITAL 10.2025 AUXILIAR DE FARM\u00c1CIA I EDITAL 10.2025 RECEPCIONISTA I RQ-675 CRONOGRAMA RQ- 693 TRIAGEM CURRICULAR-AUXILIAR DE FARM\u00c1CIA RQ-693 TRIAGEM CURRICULAR &#8211; RECEPCIONISTA RQ-682 SELECIONADOS PARA PROVA E ENTREVISTA &#8211; AUXILIAR DE FARM\u00c1CIA I RQ- 682 SELECIONADOS PARA [&hellip;]<\/p>\n","protected":false},"author":14,"featured_media":0,"parent":0,"menu_order":25,"comment_status":"closed","ping_status":"closed","template":"","meta":{"_acf_changed":false,"footnotes":""},"class_list":["post-3534","page","type-page","status-publish","hentry"],"acf":[],"_links":{"self":[{"href":"https:\/\/www.cresm-go.org.br\/portal-da-transparencia\/wp-json\/wp\/v2\/pages\/3534","targetHints":{"allow":["GET"]}}],"collection":[{"href":"https:\/\/www.cresm-go.org.br\/portal-da-transparencia\/wp-json\/wp\/v2\/pages"}],"about":[{"href":"https:\/\/www.cresm-go.org.br\/portal-da-transparencia\/wp-json\/wp\/v2\/types\/page"}],"author":[{"embeddable":true,"href":"https:\/\/www.cresm-go.org.br\/portal-da-transparencia\/wp-json\/wp\/v2\/users\/14"}],"replies":[{"embeddable":true,"href":"https:\/\/www.cresm-go.org.br\/portal-da-transparencia\/wp-json\/wp\/v2\/comments?post=3534"}],"version-history":[{"count":13,"href":"https:\/\/www.cresm-go.org.br\/portal-da-transparencia\/wp-json\/wp\/v2\/pages\/3534\/revisions"}],"predecessor-version":[{"id":4245,"href":"https:\/\/www.cresm-go.org.br\/portal-da-transparencia\/wp-json\/wp\/v2\/pages\/3534\/revisions\/4245"}],"wp:attachment":[{"href":"https:\/\/www.cresm-go.org.br\/portal-da-transparencia\/wp-json\/wp\/v2\/media?parent=3534"}],"curies":[{"name":"wp","href":"https:\/\/api.w.org\/{rel}","templated":true}]}}