{"id":3359,"date":"2025-02-26T15:32:38","date_gmt":"2025-02-26T18:32:38","guid":{"rendered":"https:\/\/www.cresm-go.org.br\/portal-da-transparencia\/?page_id=3359"},"modified":"2025-07-30T10:31:03","modified_gmt":"2025-07-30T13:31:03","slug":"processo-seletivo-simplificado-edital-n-o-08-2025","status":"publish","type":"page","link":"https:\/\/www.cresm-go.org.br\/portal-da-transparencia\/processo-seletivo-simplificado-edital-n-o-08-2025\/","title":{"rendered":"PROCESSO SELETIVO SIMPLIFICADO EDITAL N.\u00ba 08.2025 ASSISTENTE ADMINISTRATIVO III \u2013 LOTA\u00c7\u00c3O ALMOXARIFADO"},"content":{"rendered":"<p>PROCESSO SELETIVO SIMPLIFICADO EDITAL N.\u00ba 08.2025<\/p>\n<p>STATUS: VALIDADE 6 MESES &#8211; 26\/09\/2025<\/p>\n<p><strong>CARGOS:\u00a0<\/strong><\/p>\n<ul>\n<li><strong>ASSISTENTE ADMINISTRATIVO III \u2013 LOTA\u00c7\u00c3O ALMOXARIFADO<\/strong><\/li>\n<\/ul>\n<p><a href=\"https:\/\/www.cresm-go.org.br\/portal-da-transparencia\/wp-content\/uploads\/2025\/02\/EDITAL-08.2025-ASSISTENTE-ADM-III-ALMOXARIFADO-1.pdf\">EDITAL 08.2025 ASSISTENTE ADM III &#8211; ALMOXARIFADO<\/a><\/p>\n<p><a href=\"https:\/\/www.cresm-go.org.br\/portal-da-transparencia\/wp-content\/uploads\/2025\/02\/RQ-675-Cronograma_Versao-01-Edital-08.-2025-1.pdf\">RQ 675 Cronograma_Vers\u00e3o 01 &#8211; Edital 08. 2025<\/a><\/p>\n<p><a href=\"https:\/\/www.cresm-go.org.br\/portal-da-transparencia\/wp-content\/uploads\/2025\/03\/RQ-675-Cronograma_Versao-01-Edital-08.-2025-RETIFICADO-1.pdf\">RQ 675 Cronograma_Vers\u00e3o 01 &#8211; Edital 08. 2025 &#8211; <span style=\"color: #ff0000;\">RETIFICADO<\/span><\/a><\/p>\n<p><a href=\"https:\/\/www.cresm-go.org.br\/portal-da-transparencia\/wp-content\/uploads\/2025\/03\/RQ-693-Triagem-Curricular_Versao-01-1.pdf\">RQ 693 Triagem Curricular_Vers\u00e3o 01<\/a><\/p>\n<p><a href=\"https:\/\/www.cresm-go.org.br\/portal-da-transparencia\/wp-content\/uploads\/2025\/03\/RQ-682-SELECIONADOS-PARA-PROVA-E-ENTREVISTA.pdf\">RQ-682 Selecionados para Prova e Entrevista<\/a><\/p>\n<p><a href=\"https:\/\/www.cresm-go.org.br\/portal-da-transparencia\/wp-content\/uploads\/2025\/03\/RQ-679-Resultado-Preliminar_Versao-01.pdf\">RQ 679 Resultado Preliminar_Vers\u00e3o 01<\/a><\/p>\n<p><a href=\"https:\/\/www.cresm-go.org.br\/portal-da-transparencia\/wp-content\/uploads\/2025\/03\/RQ-680-Resultado-Final_Versao-01.pdf\">RQ 680 Resultado Final_Vers\u00e3o 01<\/a><\/p>\n<p><a href=\"https:\/\/www.cresm-go.org.br\/portal-da-transparencia\/wp-content\/uploads\/2025\/03\/RQ-674-Convocacao_Versao-01.pdf\">RQ 674 Convoca\u00e7\u00e3o_Vers\u00e3o 01<\/a><\/p>\n<p><a href=\"https:\/\/www.cresm-go.org.br\/portal-da-transparencia\/wp-content\/uploads\/2025\/03\/RQ-683-Validade-do-Processo-Seletivo_Versao-01.pdf\">RQ 683 Validade do Processo Seletivo_Vers\u00e3o 01<\/a><\/p>\n","protected":false},"excerpt":{"rendered":"<p>PROCESSO SELETIVO SIMPLIFICADO EDITAL N.\u00ba 08.2025 STATUS: VALIDADE 6 MESES &#8211; 26\/09\/2025 CARGOS:\u00a0 ASSISTENTE ADMINISTRATIVO III \u2013 LOTA\u00c7\u00c3O ALMOXARIFADO EDITAL 08.2025 ASSISTENTE ADM III &#8211; ALMOXARIFADO RQ 675 Cronograma_Vers\u00e3o 01 &#8211; Edital 08. 2025 RQ 675 Cronograma_Vers\u00e3o 01 &#8211; Edital 08. 2025 &#8211; RETIFICADO RQ 693 Triagem Curricular_Vers\u00e3o 01 RQ-682 Selecionados para Prova e Entrevista [&hellip;]<\/p>\n","protected":false},"author":5,"featured_media":0,"parent":0,"menu_order":27,"comment_status":"closed","ping_status":"closed","template":"","meta":{"_acf_changed":false,"footnotes":""},"class_list":["post-3359","page","type-page","status-publish","hentry"],"acf":[],"_links":{"self":[{"href":"https:\/\/www.cresm-go.org.br\/portal-da-transparencia\/wp-json\/wp\/v2\/pages\/3359","targetHints":{"allow":["GET"]}}],"collection":[{"href":"https:\/\/www.cresm-go.org.br\/portal-da-transparencia\/wp-json\/wp\/v2\/pages"}],"about":[{"href":"https:\/\/www.cresm-go.org.br\/portal-da-transparencia\/wp-json\/wp\/v2\/types\/page"}],"author":[{"embeddable":true,"href":"https:\/\/www.cresm-go.org.br\/portal-da-transparencia\/wp-json\/wp\/v2\/users\/5"}],"replies":[{"embeddable":true,"href":"https:\/\/www.cresm-go.org.br\/portal-da-transparencia\/wp-json\/wp\/v2\/comments?post=3359"}],"version-history":[{"count":18,"href":"https:\/\/www.cresm-go.org.br\/portal-da-transparencia\/wp-json\/wp\/v2\/pages\/3359\/revisions"}],"predecessor-version":[{"id":4199,"href":"https:\/\/www.cresm-go.org.br\/portal-da-transparencia\/wp-json\/wp\/v2\/pages\/3359\/revisions\/4199"}],"wp:attachment":[{"href":"https:\/\/www.cresm-go.org.br\/portal-da-transparencia\/wp-json\/wp\/v2\/media?parent=3359"}],"curies":[{"name":"wp","href":"https:\/\/api.w.org\/{rel}","templated":true}]}}