{"id":3175,"date":"2025-02-12T16:39:21","date_gmt":"2025-02-12T19:39:21","guid":{"rendered":"https:\/\/www.cresm-go.org.br\/portal-da-transparencia\/?page_id=3175"},"modified":"2025-07-30T10:34:23","modified_gmt":"2025-07-30T13:34:23","slug":"processo-seletivo-simplificado-edital-n-o-06-2025","status":"publish","type":"page","link":"https:\/\/www.cresm-go.org.br\/portal-da-transparencia\/processo-seletivo-simplificado-edital-n-o-06-2025\/","title":{"rendered":"PROCESSO SELETIVO SIMPLIFICADO EDITAL N.\u00ba 06.2025 \u00a0ASSISTENTE ADMINISTRATIVO I"},"content":{"rendered":"<p>PROCESSO SELETIVO SIMPLIFICADO\u00a0 EDITAL N.\u00ba 06.2025<\/p>\n<p>STATUS: VALIDADE 6 MESES<\/p>\n<p>CARGOS:<\/p>\n<ul>\n<li>\u00a0<strong>ASSISTENTE ADMINISTRATIVO I<\/strong><\/li>\n<\/ul>\n<p><a href=\"https:\/\/www.cresm-go.org.br\/portal-da-transparencia\/wp-content\/uploads\/2025\/02\/EDITAL-06.2025-ASSISTENTE-ADM-I.pdf\">EDITAL 06.2025 ASSISTENTE ADM I<\/a><\/p>\n<p><a href=\"https:\/\/www.cresm-go.org.br\/portal-da-transparencia\/wp-content\/uploads\/2025\/02\/CRONOGRAMA-EDITAL-06.2025.pdf\">CRONOGRAMA <\/a><\/p>\n<p><a href=\"https:\/\/www.cresm-go.org.br\/portal-da-transparencia\/wp-content\/uploads\/2025\/02\/TRIAGEM-CURRICULAR-2.pdf\">TRIAGEM CURRICULAR<\/a><\/p>\n<p><a href=\"https:\/\/www.cresm-go.org.br\/portal-da-transparencia\/wp-content\/uploads\/2025\/02\/RQ-682-SELECIONADOS-PARA-PROVA-E-ENTREVISTA.pdf\">RQ 682 SELECIONADOS PARA PROVA E ENTREVISTA<\/a><\/p>\n<p><a href=\"https:\/\/www.cresm-go.org.br\/portal-da-transparencia\/wp-content\/uploads\/2025\/02\/RQ-679-RESULTADO-PRELIMINAR-3.pdf\">RQ-679 RESULTADO PRELIMINAR<\/a><\/p>\n<p><a href=\"https:\/\/www.cresm-go.org.br\/portal-da-transparencia\/wp-content\/uploads\/2025\/02\/RQ-678-FORMULARIO-DE-RECURSO-1.pdf\">RQ- 678 FORMUL\u00c1RIO DE RECURSO<\/a><\/p>\n<p><a href=\"https:\/\/www.cresm-go.org.br\/portal-da-transparencia\/wp-content\/uploads\/2025\/03\/RQ-680-RESULTADO-FINAL.pdf\">RQ- 680 RESULTADO FINAL<\/a><\/p>\n<p><a href=\"https:\/\/www.cresm-go.org.br\/portal-da-transparencia\/wp-content\/uploads\/2025\/03\/RQ-683-VALIDADE-DO-PROCESSO-SELETIVO.pdf\">RQ- 683 VALIDADE DO PROCESSO SELETIVO<\/a><\/p>\n<p>CONVOCA\u00c7\u00c3O<\/p>\n<p>STATUS: VALIDADE<\/p>\n","protected":false},"excerpt":{"rendered":"<p>PROCESSO SELETIVO SIMPLIFICADO\u00a0 EDITAL N.\u00ba 06.2025 STATUS: VALIDADE 6 MESES CARGOS: \u00a0ASSISTENTE ADMINISTRATIVO I EDITAL 06.2025 ASSISTENTE ADM I CRONOGRAMA TRIAGEM CURRICULAR RQ 682 SELECIONADOS PARA PROVA E ENTREVISTA RQ-679 RESULTADO PRELIMINAR RQ- 678 FORMUL\u00c1RIO DE RECURSO RQ- 680 RESULTADO FINAL RQ- 683 VALIDADE DO PROCESSO SELETIVO CONVOCA\u00c7\u00c3O STATUS: VALIDADE<\/p>\n","protected":false},"author":14,"featured_media":0,"parent":0,"menu_order":29,"comment_status":"closed","ping_status":"closed","template":"","meta":{"_acf_changed":false,"footnotes":""},"class_list":["post-3175","page","type-page","status-publish","hentry"],"acf":[],"_links":{"self":[{"href":"https:\/\/www.cresm-go.org.br\/portal-da-transparencia\/wp-json\/wp\/v2\/pages\/3175","targetHints":{"allow":["GET"]}}],"collection":[{"href":"https:\/\/www.cresm-go.org.br\/portal-da-transparencia\/wp-json\/wp\/v2\/pages"}],"about":[{"href":"https:\/\/www.cresm-go.org.br\/portal-da-transparencia\/wp-json\/wp\/v2\/types\/page"}],"author":[{"embeddable":true,"href":"https:\/\/www.cresm-go.org.br\/portal-da-transparencia\/wp-json\/wp\/v2\/users\/14"}],"replies":[{"embeddable":true,"href":"https:\/\/www.cresm-go.org.br\/portal-da-transparencia\/wp-json\/wp\/v2\/comments?post=3175"}],"version-history":[{"count":9,"href":"https:\/\/www.cresm-go.org.br\/portal-da-transparencia\/wp-json\/wp\/v2\/pages\/3175\/revisions"}],"predecessor-version":[{"id":4201,"href":"https:\/\/www.cresm-go.org.br\/portal-da-transparencia\/wp-json\/wp\/v2\/pages\/3175\/revisions\/4201"}],"wp:attachment":[{"href":"https:\/\/www.cresm-go.org.br\/portal-da-transparencia\/wp-json\/wp\/v2\/media?parent=3175"}],"curies":[{"name":"wp","href":"https:\/\/api.w.org\/{rel}","templated":true}]}}