{"id":2881,"date":"2025-01-13T14:54:52","date_gmt":"2025-01-13T17:54:52","guid":{"rendered":"https:\/\/www.cresm-go.org.br\/portal-da-transparencia\/?page_id=2881"},"modified":"2025-02-18T11:13:32","modified_gmt":"2025-02-18T14:13:32","slug":"processo-seletivo-simplificado-edital-n-o-02-2025","status":"publish","type":"page","link":"https:\/\/www.cresm-go.org.br\/portal-da-transparencia\/processo-seletivo-simplificado-edital-n-o-02-2025\/","title":{"rendered":"PROCESSO SELETIVO SIMPLIFICADO EDITAL N.\u00ba 02.2025"},"content":{"rendered":"<p>PROCESSO SELETIVO SIMPLIFICADO EDITAL N.\u00ba 02.2025<\/p>\n<p>STATUS: VALIDADE 6 MESES<\/p>\n<p><strong>CARGOS:\u00a0<\/strong><\/p>\n<ul>\n<li><strong>PSIC\u00d3LOGO(A) HOSPITALAR &#8211; LOTA\u00c7\u00c3O RECURSOS HUMANOS<\/strong><\/li>\n<\/ul>\n<p><a href=\"https:\/\/www.cresm-go.org.br\/portal-da-transparencia\/wp-content\/uploads\/2025\/01\/EDITAL-02.2025-PSICOLOGOA-HOSPITALAR-LOTACAO-RECURSOS-HUMANOS-1.pdf\">EDITAL 02.2025\u00a0 PSIC\u00d3LOGO(A) HOSPITALAR &#8211; LOTA\u00c7\u00c3O RECURSOS HUMANOS<\/a><\/p>\n<p><a href=\"https:\/\/www.cresm-go.org.br\/portal-da-transparencia\/wp-content\/uploads\/2025\/01\/CRONOGRAMA-PREVISTO.pdf\">CRONOGRAMA <\/a><\/p>\n<p><a href=\"https:\/\/www.cresm-go.org.br\/portal-da-transparencia\/wp-content\/uploads\/2025\/01\/CRONOGRAMA-RETIFICADO-1.pdf\">CRONOGRAMA-RETIFICADO 1<\/a><\/p>\n<p><a href=\"https:\/\/www.cresm-go.org.br\/portal-da-transparencia\/wp-content\/uploads\/2025\/02\/RQ-675-CRONOGRAMA.pdf\">RQ 675 CRONOGRAMA<\/a> &#8211; RETIFICADO 2<\/p>\n<p><a href=\"https:\/\/www.cresm-go.org.br\/portal-da-transparencia\/wp-content\/uploads\/2025\/01\/TRIAGEM-CURRICULAR.pdf\">TRIAGEM CURRICULAR<\/a><\/p>\n<p><a href=\"https:\/\/www.cresm-go.org.br\/portal-da-transparencia\/wp-content\/uploads\/2025\/02\/PROVA-E-ENTREVISTA.pdf\">PROVA E ENTREVISTA<\/a><\/p>\n<p><a href=\"https:\/\/www.cresm-go.org.br\/portal-da-transparencia\/wp-content\/uploads\/2025\/02\/RESULTADO-PRELIMINAR.pdf\">RESULTADO PRELIMINAR<\/a><\/p>\n<p><a href=\"https:\/\/www.cresm-go.org.br\/portal-da-transparencia\/wp-content\/uploads\/2025\/02\/FORMULARIO-DE-RECURSOS.pdf\">FORMUL\u00c1RIO DE RECURSO<\/a><\/p>\n<p><a href=\"https:\/\/www.cresm-go.org.br\/portal-da-transparencia\/wp-content\/uploads\/2025\/02\/RQ-680-RESULTADO-FINAL.pdf\">RQ 680 RESULTADO FINAL<\/a><\/p>\n<p><a href=\"https:\/\/www.cresm-go.org.br\/portal-da-transparencia\/wp-content\/uploads\/2025\/02\/RQ-683-VALIDADE-DO-PROCESSO-SELETIVO-1.pdf\">RQ 683 VALIDADE DO PROCESSO SELETIVO<\/a><\/p>\n<p><a href=\"https:\/\/www.cresm-go.org.br\/portal-da-transparencia\/wp-content\/uploads\/2025\/02\/CONVOCACAO-Versao-01-Psicologo-a-Hospitalar.pdf\">CONVOCA\u00c7\u00c3O\u00a0 PSIC\u00d3LOGO(A) HOSPITALAR\u00a0<\/a><\/p>\n<p>&nbsp;<\/p>\n<p>&nbsp;<\/p>\n","protected":false},"excerpt":{"rendered":"<p>PROCESSO SELETIVO SIMPLIFICADO EDITAL N.\u00ba 02.2025 STATUS: VALIDADE 6 MESES CARGOS:\u00a0 PSIC\u00d3LOGO(A) HOSPITALAR &#8211; LOTA\u00c7\u00c3O RECURSOS HUMANOS EDITAL 02.2025\u00a0 PSIC\u00d3LOGO(A) HOSPITALAR &#8211; LOTA\u00c7\u00c3O RECURSOS HUMANOS CRONOGRAMA CRONOGRAMA-RETIFICADO 1 RQ 675 CRONOGRAMA &#8211; RETIFICADO 2 TRIAGEM CURRICULAR PROVA E ENTREVISTA RESULTADO PRELIMINAR FORMUL\u00c1RIO DE RECURSO RQ 680 RESULTADO FINAL RQ 683 VALIDADE DO PROCESSO SELETIVO CONVOCA\u00c7\u00c3O\u00a0 [&hellip;]<\/p>\n","protected":false},"author":14,"featured_media":0,"parent":0,"menu_order":34,"comment_status":"closed","ping_status":"closed","template":"","meta":{"_acf_changed":false,"footnotes":""},"class_list":["post-2881","page","type-page","status-publish","hentry"],"acf":[],"_links":{"self":[{"href":"https:\/\/www.cresm-go.org.br\/portal-da-transparencia\/wp-json\/wp\/v2\/pages\/2881","targetHints":{"allow":["GET"]}}],"collection":[{"href":"https:\/\/www.cresm-go.org.br\/portal-da-transparencia\/wp-json\/wp\/v2\/pages"}],"about":[{"href":"https:\/\/www.cresm-go.org.br\/portal-da-transparencia\/wp-json\/wp\/v2\/types\/page"}],"author":[{"embeddable":true,"href":"https:\/\/www.cresm-go.org.br\/portal-da-transparencia\/wp-json\/wp\/v2\/users\/14"}],"replies":[{"embeddable":true,"href":"https:\/\/www.cresm-go.org.br\/portal-da-transparencia\/wp-json\/wp\/v2\/comments?post=2881"}],"version-history":[{"count":17,"href":"https:\/\/www.cresm-go.org.br\/portal-da-transparencia\/wp-json\/wp\/v2\/pages\/2881\/revisions"}],"predecessor-version":[{"id":2963,"href":"https:\/\/www.cresm-go.org.br\/portal-da-transparencia\/wp-json\/wp\/v2\/pages\/2881\/revisions\/2963"}],"wp:attachment":[{"href":"https:\/\/www.cresm-go.org.br\/portal-da-transparencia\/wp-json\/wp\/v2\/media?parent=2881"}],"curies":[{"name":"wp","href":"https:\/\/api.w.org\/{rel}","templated":true}]}}