{"id":2021,"date":"2024-08-20T10:42:19","date_gmt":"2024-08-20T13:42:19","guid":{"rendered":"https:\/\/www.cresm-go.org.br\/portal-da-transparencia\/?page_id=2021"},"modified":"2024-09-11T16:53:34","modified_gmt":"2024-09-11T19:53:34","slug":"processo-seletivo-simplificado-edital-n-o08-2024","status":"publish","type":"page","link":"https:\/\/www.cresm-go.org.br\/portal-da-transparencia\/processo-seletivo-simplificado-edital-n-o08-2024\/","title":{"rendered":"PROCESSO SELETIVO SIMPLIFICADO EDITAL N.\u00ba08\/2024"},"content":{"rendered":"<p>PROCESSO SELETIVO SIMPLIFICADO EDITAL N.\u00ba08\/2024<\/p>\n<p>STATUS: VALIDADE 11\/03\/2025<\/p>\n<p>&nbsp;<\/p>\n<p><strong>CARGOS:<\/strong><\/p>\n<ul>\n<li>MOTORISTA<\/li>\n<\/ul>\n<p><a href=\"https:\/\/www.cresm-go.org.br\/portal-da-transparencia\/wp-content\/uploads\/2024\/08\/EDITAL-08.2024-MOTORISTA-20.08.pdf\">EDITAL 08.2024 &#8211; MOTORISTA 20.08<\/a><\/p>\n<p><a href=\"https:\/\/www.cresm-go.org.br\/portal-da-transparencia\/wp-content\/uploads\/2024\/08\/CRONOGRAMA-PADRAO-20.08.pdf\">CRONOGRAMA PADRAO 20.08<\/a><\/p>\n<p><a href=\"https:\/\/www.cresm-go.org.br\/portal-da-transparencia\/wp-content\/uploads\/2024\/08\/TRIAGEM-CURRICULAR.pdf\">TRIAGEM CURRICULAR<\/a><\/p>\n<p><a href=\"https:\/\/www.cresm-go.org.br\/portal-da-transparencia\/wp-content\/uploads\/2024\/09\/3.-ANALISE-CURRICULAR.pdf\">3. ANALISE CURRICULAR<\/a><\/p>\n<p><a href=\"https:\/\/www.cresm-go.org.br\/portal-da-transparencia\/wp-content\/uploads\/2024\/09\/PROVA-E-OU-AGENDAMENTO.pdf\">PROVA E OU AGENDAMENTO<\/a><\/p>\n<p><a href=\"https:\/\/www.cresm-go.org.br\/portal-da-transparencia\/wp-content\/uploads\/2024\/09\/RESULTADO-PRELIMINAR.pdf\">RESULTADO PRELIMINAR<\/a><\/p>\n<p><a href=\"https:\/\/www.cresm-go.org.br\/portal-da-transparencia\/wp-content\/uploads\/2024\/09\/FORMULARIO-RECURSO.pdf\">FORMUL\u00c1RIO RECURSO<\/a><\/p>\n<p><a href=\"https:\/\/www.cresm-go.org.br\/portal-da-transparencia\/wp-content\/uploads\/2024\/09\/RESULTADO-FINAL.pdf\">RESULTADO FINAL<\/a><\/p>\n<p><a href=\"https:\/\/www.cresm-go.org.br\/portal-da-transparencia\/wp-content\/uploads\/2024\/09\/VALIDADE-DO-PROCESSO.pdf\">VALIDADE DO PROCESSO<\/a><\/p>\n<p>CONVOCA\u00c7\u00c3O<\/p>\n","protected":false},"excerpt":{"rendered":"<p>PROCESSO SELETIVO SIMPLIFICADO EDITAL N.\u00ba08\/2024 STATUS: VALIDADE 11\/03\/2025 &nbsp; CARGOS: MOTORISTA EDITAL 08.2024 &#8211; MOTORISTA 20.08 CRONOGRAMA PADRAO 20.08 TRIAGEM CURRICULAR 3. ANALISE CURRICULAR PROVA E OU AGENDAMENTO RESULTADO PRELIMINAR FORMUL\u00c1RIO RECURSO RESULTADO FINAL VALIDADE DO PROCESSO CONVOCA\u00c7\u00c3O<\/p>\n","protected":false},"author":5,"featured_media":0,"parent":0,"menu_order":49,"comment_status":"closed","ping_status":"closed","template":"","meta":{"_acf_changed":false,"footnotes":""},"class_list":["post-2021","page","type-page","status-publish","hentry"],"acf":[],"_links":{"self":[{"href":"https:\/\/www.cresm-go.org.br\/portal-da-transparencia\/wp-json\/wp\/v2\/pages\/2021","targetHints":{"allow":["GET"]}}],"collection":[{"href":"https:\/\/www.cresm-go.org.br\/portal-da-transparencia\/wp-json\/wp\/v2\/pages"}],"about":[{"href":"https:\/\/www.cresm-go.org.br\/portal-da-transparencia\/wp-json\/wp\/v2\/types\/page"}],"author":[{"embeddable":true,"href":"https:\/\/www.cresm-go.org.br\/portal-da-transparencia\/wp-json\/wp\/v2\/users\/5"}],"replies":[{"embeddable":true,"href":"https:\/\/www.cresm-go.org.br\/portal-da-transparencia\/wp-json\/wp\/v2\/comments?post=2021"}],"version-history":[{"count":10,"href":"https:\/\/www.cresm-go.org.br\/portal-da-transparencia\/wp-json\/wp\/v2\/pages\/2021\/revisions"}],"predecessor-version":[{"id":2380,"href":"https:\/\/www.cresm-go.org.br\/portal-da-transparencia\/wp-json\/wp\/v2\/pages\/2021\/revisions\/2380"}],"wp:attachment":[{"href":"https:\/\/www.cresm-go.org.br\/portal-da-transparencia\/wp-json\/wp\/v2\/media?parent=2021"}],"curies":[{"name":"wp","href":"https:\/\/api.w.org\/{rel}","templated":true}]}}